alse
Is 19183461197 a composite number?
False
Is 20687572621 composite?
True
Is 967138769 composite?
True
Is 1740027193 a prime number?
True
Is 88145522177 composite?
False
Is 28900680763 prime?
True
Is 534671581 a prime number?
True
Is 1582482889 a composite number?
True
Is 1012257121 prime?
True
Is 26772860207 composite?
True
Is 11260181657 prime?
False
Is 47542147 prime?
True
Is 193753093 prime?
False
Is 2342527951 composite?
False
Is 1307305931 composite?
False
Is 5787029317 a composite number?
False
Is 9909616963 a composite number?
False
Is 427006219 prime?
False
Is 80972197963 a prime number?
True
Is 55498610333 prime?
False
Is 3132182797 composite?
True
Is 28942059205 a composite number?
True
Is 10125415249 a prime number?
False
Is 94452556127 a prime number?
True
Is 4998302867 composite?
False
Is 152356693261 a composite number?
True
Is 394221913 a composite number?
False
Is 2200312207 a composite number?
True
Is 91695738527 composite?
True
Is 104789483 composite?
True
Is 967809035 composite?
True
Is 11147007539 composite?
False
Is 90564281363 a composite number?
False
Is 1134598637 a composite number?
True
Is 8466677819 a composite number?
True
Is 49047758821 prime?
True
Is 9425527 a prime number?
True
Is 3864980419 composite?
False
Is 84772501379 prime?
True
Is 27568188773 a prime number?
True
Is 6175366753 a prime number?
True
Is 1194947899 a prime number?
True
Is 1831955753 a composite number?
False
Is 1640513813 composite?
False
Is 11626121707 a prime number?
True
Is 44196707 a composite number?
False
Is 1444552287 a prime number?
False
Is 3862384093 a prime number?
True
Is 2145031787 a prime number?
True
Is 3487079845 a composite number?
True
Is 1958609437 composite?
False
Is 497584771 composite?
False
Is 645981787 composite?
True
Is 795614839 a prime number?
True
Is 63749073611 composite?
False
Is 495532229 composite?
False
Is 2645595163 composite?
False
Is 61891227313 composite?
False
Is 2630782019 composite?
True
Is 769829887 a composite number?
True
Is 2745769919 a prime number?
False
Is 37393888633 composite?
False
Is 5042370067 composite?
True
Is 1793484251 a composite number?
True
Is 64624867771 a prime number?
True
Is 12339781463 a prime number?
False
Is 1512258173 composite?
False
Is 152370789 prime?
False
Is 2105873377 a prime number?
False
Is 5395916063 prime?
True
Is 45178813 prime?
False
Is 1251659831 a composite number?
True
Is 4741817441 a prime number?
False
Is 2120909197 composite?
True
Is 30314316533 a prime number?
False
Is 3776218171 prime?
False
Is 3073742123 a composite number?
False
Is 1460477269 a prime number?
True
Is 3163043911 composite?
True
Is 325210363 prime?
False
Is 659519291 prime?
True
Is 2287755923 prime?
False
Is 760364383 a prime number?
False
Is 54290173466 composite?
True
Is 13361411071 prime?
True
Is 43294172741 a prime number?
True
Is 1874160217 prime?
True
Is 70167975193 a composite number?
True
Is 14853623 a composite number?
True
Is 10608142921 a composite number?
False
Is 3454321501 a prime number?
True
Is 7279942211 composite?
False
Is 1620891737 composite?
True
Is 4411557653 prime?
False
Is 8951751967 a composite number?
True
Is 3526910441 a composite number?
True
Is 3029374729 a composite number?
False
Is 353320109 a composite number?
False
Is 936132167 a prime number?
False
Is 19414875343 a composite number?
True
Is 3377697017 a prime number?
True
Is 1302693281 a composite number?
False
Is 4681885826 a composite number?
True
Is 112634681563 a composite number?
True
Is 1759573119 a prime number?
False
Is 316148141 a composite number?
False
Is 120340133 a prime number?
False
Is 9831079407 composite?
True
Is 877698643 a composite number?
False
Is 3976396351 a composite number?
False
Is 1063820959 a composite number?
False
Is 1178373467 prime?
False
Is 73872203449 a prime number?
False
Is 1192829 composite?
True
Is 59837758613 a prime number?
False
Is 78541610093 composite?
True
Is 4719163789 prime?
True
Is 218777353 a composite number?
True
Is 1189517029 a prime number?
True
Is 1379239607 a prime number?
True
Is 12004477 a composite number?
False
Is 4587102043 a composite number?
False
Is 208848880901 a prime number?
False
Is 18502969 prime?
False
Is 4652769587 a composite number?
True
Is 9583551563 a prime number?
False
Is 14609029145 a prime number?
False
Is 1949502089 composite?
False
Is 26732407441 composite?
True
Is 29944827683 a composite number?
False
Is 67391537191 a prime number?
False
Is 38340273389 a composite number?
True
Is 175996777 a prime number?
False
Is 923128777 composite?
False
Is 31573361773 composite?
False
Is 45635023505 a prime number?
False
Is 1781996743 composite?
False
Is 5696689309 prime?
False
Is 55467133 a prime number?
True
Is 1623757063 a composite number?
False
Is 64741067593 composite?
True
Is 8414992363 prime?
True
Is 7876747679 a prime number?
True
Is 2149861319 prime?
True
Is 572826061 a prime number?
True
Is 1024921 prime?
True
Is 264579563 a composite number?
True
Is 4018458911 a prime number?
False
Is 231989819 a composite number?
True
Is 18128370647 a composite number?
False
Is 74325621385 prime?
False
Is 6072920929 a prime number?
False
Is 4464805199 a composite number?
True
Is 599182657 prime?
True
Is 808998815539 composite?
False
Is 6761487449 a composite number?
True
Is 38565723181 prime?
True
Is 1249665387 a composite number?
True
Is 548172199 prime?
True
Is 269323277 prime?
True
Is 1489246271 prime?
True
Is 13988698709 a prime number?
False
Is 17699337389 a prime number?
True
Is 6325023949 a prime number?
True
Is 47402895977 a prime number?
True
Is 131401877 prime?
True
Is 530854669 prime?
True
Is 890461709 a prime number?
True
Is 1883346161 prime?
True
Is 1768604671 prime?
False
Is 3714633233 a prime number?
True
Is 3450981777 composite?
True
Is 68221949 prime?
False
Is 1609813961 prime?
False
Is 9221773079 a composite number?
True
Is 176426566859 prime?
True
Is 2164381733 a prime number?
True
Is 13653187799 a composite number?
False
Is 331387183 a prime number?
False
Is 16441483937 a prime number?
False
Is 2933892707 a composite number?
True
Is 1384347801 a composite number?
True
Is 2746011161 composite?
False
Is 38171886538 a composite number?
True
Is 73964059303 composite?
False
Is 421271867 a composite number?
False
Is 8457640801 a composite number?
True
Is 345676421 a composite number?
False
Is 16213601363 prime?
True
Is 69264539021 prime?
True
Is 43787424029 a composite number?
False
Is 9987806029 prime?
False
Is 2119733281 composite?
True
Is 343596457 a prime number?
True
Is 2420486099 a prime number?
True
Is 12341731001 a composite number?
True
Is 10205187347 composite?
True
Is 7047741707 prime?
False
Is 988269673 a prime number?
True
Is 7150684063 prime?
True
Is 907715383 a prime number?
False
Is 14202458315 a composite number?
True
Is 21917294461 composite?
False
Is 7629914207 a prime number?
True
Is 4132243637 a composite number?
False
Is 55306353689 a composite number?
True
Is 38657422333 a composite number?
False
Is 2203780031 a prime number?
True
Is 29810352979 composite?
True
Is 150372749 prime?
True
Is 87665299889 a composite number?
False
Is 5562129913 a composite number?
False
Is 2094064763 prime?
False
Is 17898214231 a prime number?
False
Is 5984912083 a prime number?
True
Is 5469071249 a composite number?
True
Is 3615517429 composite?
True
Is 371093933 a composite number?
True
Is 19857762571 prime?
True
Is 14959845313 prime?
False
Is 1733076847 composite?
True
Is 14292830779 a prime number?
True
Is 12932850257 prime?
False
Is 21646979771 composite?
False
Is 4144884973 prime?
True
Is 27145144945 a prime number?
False
Is 119834162859 composite?
True
Is 69537459597 prime?
False
Is 430943867 a prime number?
True
Is 313306127 a prime number?
False
Is 370109863 a prime number?
False
Is 8326230047 a composite number?
True
Is 6235111507 a prime number?
True
Is 27001607797 composite?
False
Is 33707078817 composite?
True
Is 3133868687 a composite number?
True
Is 6934971011 composite?
True
Is 56948338771 composite?
False
Is 7380098059 a prime number?
False
Is 894377959 a composite number?
False
Is 92720981 a composite number?
True
Is 1922179657 a composite number?
True
Is 8661408673 composite?
False
Is 10294728479 prime?
F